lculate the remainder when 131 is divided by l.
32
Suppose 0 = 4*s - 62 - 42. Let w = s + -3. What is the remainder when w is divided by 13?
10
Suppose 0 = v - 3*g - 24, 2*v + 2*g - 10 = 22. Suppose 4*s + x - 12 = 3*s, -s + v = -2*x. Calculate the remainder when s is divided by 5.
4
Suppose -q - 2 = 4*w + q, 3*w + 2*q = -4. Suppose -w*b = -3*b + 63. What is the remainder when b is divided by 13?
11
What is the remainder when 22 is divided by (-9)/(-21) + (276/42 - 1)?
4
Calculate the remainder when (4/(-3))/(6/(-171)) is divided by 13.
12
Suppose 4*s - 5 = 15, -5*s = -2*x - 5. Suppose i + i + 6 = 2*n, 0 = -2*n + 10. Calculate the remainder when 18 + (i - (-4)/(-2)) is divided by x.
8
Suppose -2*j = -106 + 34. Let x(u) = u**2 - 7*u - 17. Calculate the remainder when j is divided by x(-3).
10
Calculate the remainder when 43 is divided by (7 + -3)/(-4) + 10.
7
Let q(g) = 21*g**3 - g**2 + g. Suppose -x = -3*b - 2 + 8, -3*b + 3*x = 0. Suppose 8 + b = j. What is the remainder when q(1) is divided by j?
10
What is the remainder when (-9)/(-2) - 2/(-4) is divided by ((-3)/(-6))/((-1)/(-4))?
1
Suppose 0 = -u - 5*c + 12, -3*u - 4*c = -0 - 3. Let x be (-3*5/u)/(-1). Let r(k) = -9*k - 4. What is the remainder when r(x) is divided by 14?
13
Let h(b) = b**2. Suppose -5*y + 33 = -5*s - 2*y, 15 = -2*s + 3*y. Let k = -4 - s. What is the remainder when 7 is divided by h(k)?
3
Calculate the remainder when 3/12 - (1542/(-8) + 0) is divided by 28.
25
Let b = 97 - 90. What is the remainder when 19 is divided by b?
5
Let p(y) = -y**2 + 5*y + 2. Calculate the remainder when p(4) is divided by 2.
0
Suppose 4*c + 5*r - 43 = 0, -3*c + r = -r - 38. Calculate the remainder when c is divided by 2/9 + (-366)/(-54).
5
Let c = 5 - -42. Suppose -4*i + c = -81. Calculate the remainder when i is divided by 11.
10
Suppose -40 = -3*n + 59. Calculate the remainder when 63 is divided by n.
30
Let h(k) = k**3 - 3*k**2 - 2*k + 1. Suppose 0*w + 16 = 4*w. Let z = 12 + -7. Calculate the remainder when h(w) is divided by z.
4
Suppose 8 + 8 = 4*z. Let g(f) = f**3 - 5*f**2 + 4*f + 3. Let i be g(z). Suppose -i*w - 39 = -6*w. What is the remainder when 25 is divided by w?
12
Let q(u) = u**3 + 6*u**2 - 4*u - 10. Calculate the remainder when 40 is divided by q(-6).
12
Suppose -t = -6*t - 25. Let p = 7 + t. Calculate the remainder when 34 is divided by p - (-8*1 + -2).
10
Let r(m) = -2*m - 7 - m + 0*m. Let u = 32 + -17. What is the remainder when u is divided by r(-5)?
7
Let r(u) = u**3 + u**2 + 2*u. Let s be r(2). Suppose -4*w + 4*z = -s, -32 = -2*w - 0*w - 4*z. Calculate the remainder when 14 + (0/1)/(-2) is divided by w.
6
Suppose n = 5 + 41. Suppose 63 - 15 = 2*q. Calculate the remainder when n is divided by q.
22
Let h = 3 - 3. Calculate the remainder when 15 is divided by (h - 0)/(-2) - -8.
7
Let b be 0/2 + -9 + -3. What is the remainder when 12 is divided by (-1)/(-6) + (-58)/b?
2
Let u = 135 - 126. What is the remainder when 62 is divided by u?
8
Suppose 4*y - 2*y = 4*k + 30, 0 = -3*y + 5*k + 44. Calculate the remainder when (36/(-5))/(3 - (-462)/(-140)) is divided by y.
11
Suppose 2*l - 4*d = -9*d + 26, 4*d + 44 = 2*l. Let x(h) = 3*h**2 - 5*h + 6. What is the remainder when x(4) is divided by l?
16
Suppose 7*w - 4*o + 166 = 10*w, 112 = 2*w + 4*o. What is the remainder when 106 is divided by w?
52
Suppose -2*p + 3 = 1. What is the remainder when 2 is divided by ((-3)/(-4 + p))/1?
0
Calculate the remainder when 16 is divided by (2/(-4))/(6/(-120)).
6
Suppose 3*v + 4*c - 130 - 88 = 0, -2*c = -2*v + 164. Calculate the remainder when v is divided by 40.
38
Let p = -6 + 10. Suppose 63 = p*h - 25. Suppose 0*q + 2*q = 24. Calculate the remainder when h is divided by q.
10
Suppose -12 = -3*o + o. Calculate the remainder when 17 is divided by o.
5
Suppose 3*u + 8 = -5*l, 4*u + 3*l + 2*l + 4 = 0. What is the remainder when 18 is divided by u?
2
Let k be 1*(-3 - -2)*91. Let b = -64 - k. What is the remainder when b is divided by (126/(-24))/((-3)/8)?
13
Let b(n) = n**3 - 8*n**2 - 5*n - 9. Calculate the remainder when 52 is divided by b(9).
25
Let g = -14 - -23. Suppose 2*q - 3 = -3*z + 2*z, -z + g = 5*q. Let x = -1 + 4. Calculate the remainder when x is divided by q.
1
Let p be ((-36)/(-14))/((-9)/(-84)). What is the remainder when 15 is divided by (p/4 - -3)/1?
6
Suppose 37 = -3*a + 5*j + 114, 2*a - 2*j = 46. Let i = -14 - -69. Calculate the remainder when i is divided by a.
17
Suppose -2*i - 4 = 2. What is the remainder when 11 is divided by ((-10)/3 + 2)*i?
3
Let k be 3/9*-3 + 3. Let u(o) = 8*o + 4. What is the remainder when 39 is divided by u(k)?
19
Let h be (-63)/(-1 - 2)*-1. Let t be 2/(-7) + (-48)/h. Calculate the remainder when t/(-9) - (-2270)/90 is divided by 13.
12
Let f(m) = -m**3 + 10*m**2 + m + 4. Calculate the remainder when f(7) is divided by 23.
20
Suppose -4*k + 2*k = 14. Let c = k - -28. Calculate the remainder when c is divided by 8.
5
Let a(o) = 20*o**2 - 2*o + 1. Suppose -1 = 5*l - 56. What is the remainder when a(1) is divided by l?
8
Suppose 3*o - 2*u - 16 = 0, u - 4*u = -5*o + 25. Suppose r + 17 = 2*y + 2*y, y - 4*r - 23 = 0. Let c = y - -1. Calculate the remainder when c is divided by o.
0
Let u be 1 + -3 - (1 + -2). Let k be (4/(-8))/(u/26). What is the remainder when 3*k*4/12 is divided by 5?
3
Let i = -7 - -12. Suppose 2*s + 21 = i*s. What is the remainder when s is divided by 3/((-1 - -2)*1)?
1
Suppose -192 = -4*a + 2*r, -5*a + 157 + 97 = r. What is the remainder when a is divided by 18?
14
Let m = 1 - 5. Calculate the remainder when 1547/14 + (-2)/m is divided by 38.
35
Suppose 0 = -5*o + 37 - 12. Suppose 0*p - 5*p + 10 = o*t, p + 2*t = 2. Calculate the remainder when p is divided by 10/6 - 2/(-6).
0
Let g = 9 + -12. Let k(r) = -r**3 - r**2 + r - 3. Calculate the remainder when -1 + 1 + 0 + 35 is divided by k(g).
11
Let n(g) = g**2 - g - 2. Let b be n(3). Calculate the remainder when 28 is divided by 30/b*20/25.
4
Let j(k) = k**3 - 11*k**2 + 12*k - 15. What is the remainder when (-34)/(-4) + 1/2 is divided by j(10)?
4
Suppose 0 = -7*c + 8*c - 24. What is the remainder when c is divided by 9?
6
Suppose 3*t = -4*y + 45, 4 + 8 = 4*t. What is the remainder when 140/(-6)*(-3)/2 is divided by -4*y/(-15)*5?
11
Suppose -4*n = 2 + 6, 5*g + 2*n - 46 = 0. Let j = 1 + 9. What is the remainder when j is divided by ((-28)/g + 2)*-5?
2
Let p(w) be the first derivative of 6*w**2 - 3*w - 2. What is the remainder when p(5) is divided by 20?
17
Suppose -8 = -6*b + 2*b. Suppose 0 = s - 28 + b. Calculate the remainder when s is divided by 14.
12
Let s = 9 - 2. What is the remainder when s is divided by 3*(4 + -3) - -1?
3
Let g = 27 - 19. Let z(h) = h**2 + 4*h - 7. What is the remainder when z(-7) is divided by g?
6
Suppose -3*u - 6 + 42 = 0. Suppose 5*i = 4*a - 107, 3*i = -2*a - i + 34. Calculate the remainder when a is divided by u.
11
Let w(b) = -b**2 - 4*b + 1. Suppose 35 = 4*p + p - 5*r, 4*p - 13 = r. Calculate the remainder when w(-3) is divided by p.
0
What is the remainder when (1 - (62 + -2))/((-8)/8) is divided by 12?
11
Suppose -2*o + 16 = -2*p, -p = -3*o - 5*p + 31. Suppose c = -0*b + 4*b - 2, -3*b = 3*c - o. Calculate the remainder when b is divided by 1.
0
Suppose 5*s - 3*n - 198 = 158, 3*s + 4*n = 231. Calculate the remainder when s is divided by 15.
13
Let n be ((-10)/3)/((-4)/12). What is the remainder when (40/25)/(1/n) is divided by 6?
4
Suppose -3*c + 0*c = -12. Suppose c*l + l = 220. What is the remainder when l is divided by (-5)/((-4)/3 - -1)?
14
Let s be 1 + 1 + 0/4. Suppose s*v + 152 = 3*t, 3*t + 2*v - 9 = 139. What is the remainder when t is divided by 13?
11
Let k(d) = d**3 - 8*d**2 + 7*d + 5. Suppose -3*y = -5*v + 25 + 2, -5*v = 3*y - 3. What is the remainder when 12/((6/y)/(-1)) is divided by k(7)?
3
Let v = 161 - 69. What is the remainder when v is divided by 19?
16
What is the remainder when 2 is divided by 56/32 + (1 - (-3)/(-4))?
0
Suppose z - 4*l = 2*z - 31, 0 = z + 3*l - 34. Calculate the remainder when 170 is divided by z.
41
Suppose 0 = -5*g + 4*b + 57, 0*b - 2*b = -4. Suppose -48 = 3*m + 18. Let u = m - -46. Calculate the remainder when u is divided by g.
11
Let n = -5 - -9. Suppose n*k + 9 = 5*k. Calculate the remainder when 33 is divided by k.
